mainder when 153917 is divided by 51?
50
Calculate the remainder when 38956 is divided by 258.
256
What is the remainder when 197214 is divided by 17?
14
What is the remainder when 3493221 is divided by 232?
229
What is the remainder when 372991 is divided by 310?
61
Calculate the remainder when 2785 is divided by 189.
139
Calculate the remainder when 584 is divided by 86.
68
What is the remainder when 1001105 is divided by 29?
25
Calculate the remainder when 2169 is divided by 215.
19
What is the remainder when 4145 is divided by 2055?
35
Calculate the remainder when 8543505 is divided by 12.
9
What is the remainder when 122851 is divided by 561?
553
What is the remainder when 185624 is divided by 190?
184
What is the remainder when 6089 is divided by 255?
224
What is the remainder when 3946 is divided by 367?
276
Calculate the remainder when 321543 is divided by 1024.
7
What is the remainder when 199487 is divided by 212?
207
What is the remainder when 62163 is divided by 15537?
15
What is the remainder when 30955 is divided by 129?
124
What is the remainder when 341 is divided by 162?
17
What is the remainder when 142579 is divided by 3240?
19
Calculate the remainder when 3918 is divided by 247.
213
What is the remainder when 352171 is divided by 36?
19
Calculate the remainder when 9593 is divided by 1374.
1349
Calculate the remainder when 22120 is divided by 291.
4
Calculate the remainder when 37230 is divided by 358.
356
Calculate the remainder when 20997 is divided by 20.
17
What is the remainder when 20357 is divided by 6765?
62
Calculate the remainder when 2550430 is divided by 496.
494
Calculate the remainder when 272391 is divided by 421.
4
What is the remainder when 35188 is divided by 102?
100
Calculate the remainder when 50306 is divided by 6287.
10
What is the remainder when 57180 is divided by 19046?
42
Calculate the remainder when 276 is divided by 174.
102
What is the remainder when 2352 is divided by 51?
6
What is the remainder when 38120 is divided by 1679?
1182
What is the remainder when 3237 is divided by 1610?
17
Calculate the remainder when 1461 is divided by 470.
51
Calculate the remainder when 4161 is divided by 181.
179
What is the remainder when 183498 is divided by 16?
10
What is the remainder when 30333 is divided by 65?
43
What is the remainder when 36432 is divided by 355?
222
Calculate the remainder when 13699 is divided by 2236.
283
What is the remainder when 38620 is divided by 348?
340
Calculate the remainder when 112883 is divided by 46.
45
Calculate the remainder when 96897 is divided by 48434.
29
What is the remainder when 3570 is divided by 132?
6
What is the remainder when 47938 is divided by 2084?
6
Calculate the remainder when 392585 is divided by 49.
46
Calculate the remainder when 18557 is divided by 4557.
329
Calculate the remainder when 50823 is divided by 232.
15
Calculate the remainder when 3844 is divided by 28.
8
What is the remainder when 40910 is divided by 96?
14
Calculate the remainder when 188092 is divided by 1881.
1873
What is the remainder when 3227 is divided by 3000?
227
What is the remainder when 10844 is divided by 579?
422
Calculate the remainder when 3593 is divided by 1123.
224
Calculate the remainder when 1009 is divided by 988.
21
Calculate the remainder when 189 is divided by 162.
27
What is the remainder when 2318 is divided by 68?
6
Calculate the remainder when 3343 is divided by 1371.
601
What is the remainder when 10248 is divided by 44?
40
Calculate the remainder when 918 is divided by 378.
162
Calculate the remainder when 4126 is divided by 12.
10
What is the remainder when 258 is divided by 45?
33
Calculate the remainder when 3241335 is divided by 1186.
1183
Calculate the remainder when 2393 is divided by 2203.
190
Calculate the remainder when 152519 is divided by 465.
464
What is the remainder when 4702 is divided by 935?
27
Calculate the remainder when 178 is divided by 114.
64
What is the remainder when 90476 is divided by 18090?
26
Calculate the remainder when 13274611 is divided by 11.
9
Calculate the remainder when 14667 is divided by 2872.
307
What is the remainder when 10595 is divided by 40?
35
What is the remainder when 4771 is divided by 197?
43
What is the remainder when 24294 is divided by 3460?
74
Calculate the remainder when 462326 is divided by 231159.
8
Calculate the remainder when 546614 is divided by 755.
749
Calculate the remainder when 7614 is divided by 468.
126
What is the remainder when 3170 is divided by 584?
250
Calculate the remainder when 55033 is divided by 69.
40
Calculate the remainder when 8860 is divided by 357.
292
What is the remainder when 3360 is divided by 340?
300
What is the remainder when 2392 is divided by 1174?
44
What is the remainder when 7340 is divided by 282?
8
What is the remainder when 242612 is divided by 94?
92
What is the remainder when 210284 is divided by 77?
74
Calculate the remainder when 34036 is divided by 812.
744
What is the remainder when 20480 is divided by 788?
780
Calculate the remainder when 11366 is divided by 882.
782
Calculate the remainder when 8084 is divided by 41.
7
Calculate the remainder when 6253 is divided by 388.
45
What is the remainder when 1653 is divided by 223?
92
What is the remainder when 4428 is divided by 16?
12
What is the remainder when 142187 is divided by 183?
179
Calculate the remainder when 279185 is divided by 26.
23
What is the remainder when 68828 is divided by 530?
458
Calculate the remainder when 2322 is divided by 507.
294
Calculate the remainder when 548 is divided by 270.
8
Calculate the remainder when 151257 is divided by 34.
25
Calculate the remainder when 214 is divided by 145.
69
What is the remainder when 22993 is divided by 232?
25
Calculate the remainder when 48514 is divided by 5.
4
Calculate the remainder when 24849 is divided by 185.
59
Calculate the remainder when 1542 is divided by 160.
102
What is the remainder when 170549 is divided by 32?
21
Calculate the remainder when 107033 is divided by 22.
3
What is the remainder when 646270 is divided by 525?
520
What is the remainder when 46305 is divided by 23112?
81
What is the remainder when 1952 is divided by 127?
47
Calculate the remainder when 2098 is divided by 8.
2
What is the remainder when 613149 is divided by 232?
205
What is the remainder when 63902 is divided by 10625?
152
What is the remainder when 138184 is divided by 34544?
8
Calculate the remainder when 103188 is divided by 351.
345
What is the remainder when 7373 is divided by 217?
212
Calculate the remainder when 20995 is divided by 40.
35
Calculate the remainder when 90088 is divided by 198.
196
What is the remainder when 171350 is divided by 193?
159
What is the remainder when 80307 is divided by 311?
69
What is the remainder when 10874 is divided by 156?
110
What is the remainder when 18750 is divided by 80?
30
What is the remainder when 4581 is divided by 4548?
33
What is the remainder when 63987 is divided by 12797?
2
What is the remainder when 3380 is divided by 97?
82
Calculate the remainder when 9318 is divided by 62.
18
What is the remainder when 29205 is divided by 131?
123
Calculate the remainder when 47055 is divided by 21.
15
What is the remainder when 4610 is divided by 165?
155
What is the remainder when 1757 is divided by 778?
201
What is the remainder when 2447 is divided by 83?
40
Calculate the remainder when 5814 is divided by 275.
39
Calculate the remainder when 5720 is divided by 1620.
860
What is the remainder when 151336 is divided by 357?
325
What is the remainder when 10899 is divided by 36?
27
What is the remainder when 92325 is divided by 224?
37
What is the remainder when 3077 is divided by 11?
8
What is the remainder when 64388 is divided by 52?
12
What is the remainder when 104830 is divided by 126?
124
What is the remainder when 3792010 is divided by 683?
677
Calculate the remainder when 97588 is divided by 44.
40
Calculate the remainder when 90701 is divided by 209.
204
Calculate the remainder when 120607 is divided by 5025.
7
Calculate the remainder when 51237 is divided by 1004.
33
What is the remainder when 3011 is divided by 1499?
13
What is the remainder when 552 is divided by 11?
2
What is the remainder w